/6 - l**3/2 - 2*l**2 - 2*l. Let w be f(4). What is the units digit of (-10)/(-8) - 4/w?
1
Suppose -q + 4*w = -9, 3*w + 25 = 2*q + 2*w. What is the tens digit of q?
1
Let u = 29 - 20. What is the units digit of u?
9
Let b(f) = -4*f**3 - 5*f**2 - 2*f. Let i(t) = -9*t**3 - 10*t**2 - 5*t + 1. Let g(o) = 7*b(o) - 3*i(o). What is the tens digit of g(-6)?
2
Suppose 0 = -2*x - 3*x. Suppose 0 = -4*q - x*q + 88. What is the tens digit of q?
2
Let m = -2 + 56. What is the tens digit of m?
5
Let i = 1 - -49. Suppose -i = 5*u - 5. What is the units digit of ((-8)/(-6))/((-3)/u)?
4
Let u(w) = w**3 - w**2 - w + 6. Suppose 0 = -q - q. Let c be u(q). Suppose 3*j - 36 = -c. What is the tens digit of j?
1
Let t = -18 - -31. What is the tens digit of t?
1
Let y(c) = c**3 + 2*c**2 - c + 1. Let a(g) = g**3 - 2*g**2 - g + 2. Let t be a(2). Suppose t = 3*v + 6. What is the units digit of y(v)?
3
Let o = 6 + -4. Suppose o*u + 2*u = 0. Suppose u = -3*x - 2*x + 5*q + 65, 0 = 2*x + 2*q - 18. What is the units digit of x?
1
Let u = -35 + 23. Let p be 3/u*36/(-3). Suppose 0 = y + p*y - 72. What is the units digit of y?
8
Suppose 4*q - 3*b - 180 - 426 = 0, q - 144 = -3*b. What is the hundreds digit of q?
1
Suppose 3 = 2*a - a. Let t(r) = r**3 + 2*r**2 - 4*r + 1. Let w be t(-3). Suppose -w*k + k = -a. What is the units digit of k?
1
Suppose -12*y + 320 = -7*y. What is the units digit of y?
4
Let o = -2 - 1. Let a = o + 13. What is the tens digit of a?
1
Let g be 1*0*1/(-2). Suppose -40 = -g*x - x. What is the units digit of x?
0
Let p(t) = 109*t**2 + t. What is the units digit of p(-1)?
8
Let r = 11 + -7. Suppose -r*s - s = 3*u - 9, s + 3 = u. Suppose -5*k + 8 = 4*b - 1, -4*k - 12 = s. What is the units digit of b?
6
Let f = 65 + -46. What is the units digit of f?
9
Suppose -2*m = 3*j - 8, -4*j + m - 4 = -j. Suppose j = -8*v + 3*v. Suppose v = 5*x - 1 - 9. What is the units digit of x?
2
Let y(z) = 42*z + 10. What is the tens digit of y(8)?
4
Suppose -4*d = 5*h - 20, h - 16 = 3*d + 7. Suppose v = 3*v - h. What is the units digit of v?
4
Suppose -4*t + 284 = 2*p, 5*t = 3*t + 3*p + 150. What is the tens digit of t?
7
Let z = 4 - 3. Let q = 3 - 3. Let p = z - q. What is the units digit of p?
1
Let p(h) be the second derivative of h**5/20 + h**4/3 - h**3/2 - h**2 + 5*h. What is the tens digit of p(-4)?
1
Let w(k) = -k**3 + 4*k**2 - 2*k - 1. Let l be w(3). Suppose l*t - 5 = 3. Suppose -4*n = -t - 80. What is the tens digit of n?
2
Let a(o) = 7*o**3 - 10*o**2 - 11*o - 7. Let q(s) = s**3 - s**2 - s. Let j(r) = -a(r) + 6*q(r). Let w be j(5). Suppose -3 + w = z. What is the units digit of z?
4
Let w(c) = c**2 - 2*c - 5. Let m = 1 + 1. Suppose -2*h + 20 = m*h. What is the tens digit of w(h)?
1
Let j = -75 + 179. What is the tens digit of j?
0
Suppose -4*x - 12 = -0*x, -33 = -3*i + 4*x. What is the units digit of i?
7
Let r be 0 + 1 + 3 + -3. Let q(s) = s + 1. Let b(i) = -5*i**2 + 2*i. Let x(y) = -b(y) + q(y). What is the units digit of x(r)?
5
Let m(j) = -4*j + 2. Let u be m(-2). Suppose -a = -15 - u. What is the tens digit of a?
2
Let s(f) = 1. Let g(b) = b + 9. Let n(z) = g(z) - 6*s(z). Let v be n(4). Suppose i = v + 4. What is the tens digit of i?
1
Suppose -340 = -4*n + 5*z, n - 4*n + 220 = 5*z. What is the units digit of n?
0
Suppose i - 81 = 111. What is the tens digit of i?
9
Let v = -5 + 10. Suppose -10 - 50 = -v*r. What is the units digit of r?
2
Suppose 0*n + 3*z = -4*n + 6, -4*n + 4*z = -20. Suppose -4*r = -5*j - 32, -n*r - 2*r - 3*j + 40 = 0. What is the units digit of r?
8
Let q = -18 - -31. What is the tens digit of 262/q - (-14)/(-91)?
2
Let r = 10 + -3. Let k be ((-6)/r)/((-3)/63). Suppose 5*n - k = 37. What is the tens digit of n?
1
Let b be ((-8)/(-5))/((-2)/(-5)). Suppose 2*c + b = 4*a, -2*a + 0 + 6 = c. What is the units digit of c?
2
Let q(c) = 4*c**2 - 4. What is the units digit of q(4)?
0
Let d(b) = 3 - 2 + 4*b - 2. What is the units digit of d(1)?
3
Suppose 2*t + 5*s + 179 = 4*t, 2*t - s = 159. Let l = -37 + t. What is the units digit of l?
0
Let k(v) = 18*v - 2. Suppose 0*c = 4*c - 8. What is the units digit of k(c)?
4
Suppose -3*j = 3*c - 6, c + 2*c = j - 14. Suppose -4*x + j + 3 = 0. What is the units digit of x?
2
What is the units digit of (-4)/(-22) + (-1096)/(-22)?
0
Suppose -3*n - 4*l - 4 = 0, 0 = 5*n + l - 0*l + 18. What is the units digit of (24/(-16))/(2/n)?
3
Let r(v) = -13*v**2 + 7*v + 6. Let u(y) = -26*y**2 + 13*y + 11. Let x(l) = 11*r(l) - 6*u(l). What is the units digit of x(-1)?
4
Suppose -4*p + 15 = -1. Suppose 3*a = z + 5, -a + 0*a = -p*z + 2. What is the units digit of a?
2
Suppose 0 = -d - 0*d - 1. Let w = 10 + d. What is the units digit of w?
9
Let g(s) = 13*s + 5. What is the units digit of g(3)?
4
Let g(t) be the third derivative of 15*t**4/8 + t**3/3 - 7*t**2. What is the units digit of g(1)?
7
Suppose -54 = -4*c + 5*g, -10 = -2*c + 3*g + 18. What is the units digit of -2 + 2 + -3 + c?
8
Suppose 130 + 446 = 2*u. What is the tens digit of u?
8
Suppose 5*z - 50 = 2*h + 11, -3*h - 42 = -3*z. What is the units digit of z?
1
Suppose -3*n + 252 = 9*j - 10*j, -420 = -5*n + 5*j. What is the units digit of n?
4
Suppose 4*b - b - 24 = 0. Let n(q) = 3*q - 17. Let d(a) = -a + 6. Let f(m) = b*d(m) + 3*n(m). What is the units digit of f(5)?
2
Suppose -5*b + 44 = -b. What is the tens digit of b?
1
What is the units digit of ((-1044)/(-45))/((-2)/(-5))?
8
Let j(a) = -a**3 - 10*a**2 - 2*a - 14. What is the units digit of j(-10)?
6
Let u = 27 - 19. Let f = u - -7. What is the tens digit of f?
1
Suppose 7*y - 68 = 4*y + 2*u, 3*u = 15. Let j = -17 + y. What is the units digit of j?
9
What is the tens digit of -3*(4 + 78/(-9))?
1
Suppose 0 = -4*g + 25 + 11. Let q be g + 0*(-3)/6. Let h = q - -1. What is the tens digit of h?
1
Let p(z) = 2*z**2 - 2*z - 3. What is the units digit of p(7)?
1
Suppose -3*t + 3 = 0, -5*t + 125 = s - t. What is the tens digit of s?
2
Let d be (36/(-8) - -4)*-6. Suppose -d*c - 24 = -p, c = 2*c + 5. What is the units digit of p?
9
Let t(s) = s**2 - 3*s + 1. Let x be t(2). Let f(n) = -3*n**3 - 2*n**2 + 1. Let p be f(x). Suppose -2*h = -0*h - p. What is the units digit of h?
1
What is the units digit of -1*(3 - 2) - -30?
9
Suppose 2*t + 4*u = 4*t - 2, t = -5*u + 1. Let l(d) = -d. Let y be l(-3). Suppose 3*m + 4*r = -t, -m - 8 = -6*m + y*r. What is the units digit of m?
1
Let y = 40 - -16. What is the units digit of y?
6
Let c = 0 + 2. Suppose -2*z + 4 = c. What is the units digit of z?
1
Suppose -3*v - 2*v = -3*x - 118, x - 5*v = -56. Let i = 43 + x. What is the units digit of i?
2
What is the tens digit of (-658)/(-8) - 7/28?
8
Let t(q) = q**3 - 5*q - 3. What is the tens digit of t(4)?
4
Let o = 18 + 7. Suppose 39 + o = 4*c. What is the tens digit of c?
1
Let a(u) = -5*u**2 - u + 5. Let x(m) = 14*m**2 + 3*m - 14. Let f(l) = -17*a(l) - 6*x(l). Let h = 16 + -19. What is the units digit of f(h)?
1
Suppose 6*v = 65 + 1357. What is the hundreds digit of v?
2
Suppose 5*i + i = 132. What is the tens digit of i?
2
Suppose -3*r + 25 = 2*r. Let s be (-18)/(-10) + 1/r. Suppose -4*i - 2*j + j + 22 = 0, -3*j - 4 = -s*i. What is the units digit of i?
5
Let i(b) = b**3 - 3*b**2 - 4*b + 4. Let n be i(4). What is the units digit of ((-20)/7)/(n/(-14))?
0
Let i = -211 + 367. What is the hundreds digit of i?
1
Let f(a) = -7*a. Let l(k) = 8*k. Let u(c) = -6*f(c) - 5*l(c). Let j be u(4). What is the units digit of (-2)/j + 42/8?
5
Let p = 6 + 6. Let h = -8 + p. Suppose 0 = -5*m - h*w + 48, 0*w + w - 10 = -m. What is the units digit of m?
8
Let i = 23 - 20. Suppose 0 = d - 0*d - i. What is the units digit of d?
3
Let p(x) = -x**2 - 6*x + 6. What is the units digit of p(-5)?
1
Suppose -a - 9 = -4. Let r(k) = -k**2 - 5*k - 1. Let b be r(a). Let x = b + 5. What is the units digit of x?
4
Let k(p) = p**3 - 8*p**2 + 10*p + 2. What is the units digit of k(8)?
2
Suppose -3*r = -0*r. Let k(z) = z + 14. What is the tens digit of k(r)?
1
Let c(m) = -m**3 - 3*m**2 - 2. Let y be c(-3). Let p = y + 10. Suppose 0 = 4*w - 28 + p. What is the units digit of w?
5
Let g be 3/4 - (-412)/(-16). What is the tens digit of g*(18/(-5) + 3)?
1
Suppose a + 20 = 5*a. Suppose -3*h + 80 = -a*q, 0 = h + 4*q - 3*q - 24. What is the units digit of h?
5
Let f = 8 - 6. Suppose -5*k =